
-27
Let h(d) = 99*d + 1206. Calculate h(-10).
216
Let t(i) = -i**2 - 597*i - 2943. Determine t(-5).
17
Let n(b) = -b**3 + 5*b**2 + 82*b + 30. Determine n(12).
6
Let w(i) = -31*i + 116. Give w(-4).
240
Let j(m) = 102*m + 9682. What is j(-95)?
-8
Let x(n) = -n**2 + 273*n - 4140. Determine x(16).
-28
Let j(o) = -o**3 + 97*o**2 + 402*o + 209. Calculate j(101).
7
Let i(y) = 12*y - 218. Calculate i(19).
10
Let m(l) = -2*l**3 + l**2 - 27*l + 90. Determine m(3).
-36
Let n(u) = -86*u + 777. Calculate n(9).
3
Let s(m) = 57*m + 8494. Calculate s(-149).
1
Let w(t) = -t**3 + 26*t**2 - 46*t + 31. What is w(24)?
79
Let r(i) = 8*i**3 - 70*i**2 - 13*i - 44. Determine r(9).
1
Let f(z) = -2*z**3 - 56*z**2 + 65*z + 207. Calculate f(-29).
4
Let a(f) = -f**2 + 60*f + 365. Calculate a(66).
-31
Let q(t) = -2*t**3 - 75*t**2 + 40*t + 50. Give q(-38).
-26
Let t(a) = a**3 - 14*a**2 - 41*a + 466. Determine t(15).
76
Let s(d) = 189*d - 12447. Calculate s(66).
27
Let y(w) = w**3 - 65*w**2 - 140*w + 211. Calculate y(67).
-191
Let z(t) = -85*t**2 + 60*t + 13. Determine z(1).
-12
Let k(q) = -3*q**2 - 36*q - 253. What is k(-10)?
-193
Let o(q) = 791*q + 5532. Give o(-7).
-5
Let y(r) = 40*r - 426. Give y(16).
214
Let b(f) = f**2 + 13*f - 41. Give b(-15).
-11
Let l(h) = 6*h**2 - 135*h - 230. Calculate l(24).
-14
Let h(z) = 2*z**2 - 10*z + 58. What is h(6)?
70
Let b(m) = 23*m**2 - 2690*m - 111. Calculate b(117).
6
Let d(s) = 18*s**2 - 393*s - 18. Determine d(22).
48
Let k(f) = 308*f**2 - 917*f + 5. Determine k(3).
26
Let l(h) = -77*h + 619. What is l(8)?
3
Let u(s) = 60*s + 6531. Calculate u(-109).
-9
Let r(c) = 40*c - 115. Determine r(8).
205
Let s(w) = -w**2 + 10*w - 203. Give s(0).
-203
Let x(c) = 2*c**3 - 197*c**2 - 1588*c - 209. Give x(106).
3
Let o(r) = -r**3 - 16*r**2 + 13*r - 77. Calculate o(-17).
-9
Let w(f) = -1621*f - 3227. Give w(-2).
15
Let f(j) = j**2 + 141*j + 3987. What is f(-39)?
9
Let y(p) = -25*p - 252. Determine y(-15).
123
Let y(i) = 141*i + 1114. Calculate y(-11).
-437
Let b(d) = -d**2 - 181*d - 7534. Calculate b(-116).
6
Let r(q) = 168*q**3 - 13*q**2 + 9*q + 3. Calculate r(1).
167
Let z(a) = 2*a**3 + a**2 - 4*a + 2. What is z(0)?
2
Let z(a) = -2*a**3 - 3*a**2 + 70*a - 136. What is z(3)?
-7
Let a(l) = -7*l**2 - 17*l + 145. What is a(5)?
-115
Let l(r) = -16*r - 20. Calculate l(-14).
204
Let b(x) = -34*x + 307. Give b(9).
1
Let j(c) = 5*c**2 - 17*c + 90. Give j(4).
102
Let p(i) = -i**3 - 17*i**2 - 19*i - 1088. Give p(-19).
-5
Let f(v) = 16*v**3 - 1342*v**2 - 170*v + 203. Determine f(84).
35
Let h(o) = -7475*o - 112128. Calculate h(-15).
-3
Let d(f) = -14*f**2 + 47*f - 10. Determine d(5).
-125
Let y(z) = -2*z**2 - 56*z - 33. What is y(-26)?
71
Let l(p) = -274*p + 2487. What is l(9)?
21
Let p(r) = -5*r**3 + 37*r**2 + 9*r - 5. Give p(6).
301
Let f(q) = q**3 - 14*q**2 + 6*q + 69. Give f(13).
-22
Let i(t) = -28*t**2 + 297*t + 876. Calculate i(13).
5
Let u(a) = -390*a - 1151. What is u(-3)?
19
Let a(g) = -60*g - 2107. What is a(-35)?
-7
Let a(u) = -38*u**2 + 230*u - 460. Calculate a(2).
-152
Let s(t) = t**3 - 34*t**2 + 8*t - 432. Give s(34).
-160
Let b(l) = 12665*l + 12658. Calculate b(-1).
-7
Let q(k) = k**3 + 105*k**2 - 217*k - 292. What is q(-107)?
29
Let w(m) = -m**3 - 193*m**2 - 1119*m + 575. What is w(-187)?
14
Let j(f) = f**3 - 44*f**2 + 161*f + 86. Give j(40).
126
Let j(k) = 19*k + 219. Give j(-14).
-47
Let i(h) = -20*h + 824. Give i(40).
24
Let a(s) = 33*s - 299. Give a(9).
-2
Let t(u) = 5*u**2 + 234*u + 1945. What is t(-36)?
1
Let d(n) = -630*n + 3142. What is d(5)?
-8
Let x(p) = 13*p**3 + 550*p**2 + 170*p + 84. Give x(-42).
0
Let q(c) = 7593*c - 75943. Give q(10).
-13
Let c(n) = n**3 - 40*n**2 - 181*n + 214. What is c(44)?
-6
Let n(a) = a**2 + 88*a + 1242. Determine n(-18).
-18
Let h(y) = 2*y**3 - 76*y**2 - 78*y - 3. What is h(39)?
-3
Let i(t) = 6*t + 157. Calculate i(-25).
7
Let a(l) = -l**3 + 30*l**2 + 132*l + 203. Give a(34).
67
Let x(l) = l**2 - 6*l - 147. Calculate x(22).
205
Let u(r) = 2*r - 137. Give u(54).
-29
Let l(z) = 16131*z + 129056. Give l(-8).
8
Let k(a) = 3*a**3 - 9*a**2 - 7*a + 12. Determine k(5).
127
Let b(g) = g**3 - 24*g**2 - 79*g + 41. Calculate b(27).
95
Let z(h) = 78*h - 43. Determine z(3).
191
Let c(y) = -3*y**3 + 38*y**2 - 112*y - 2. Calculate c(8).
-2
Let q(o) = -214*o**2 + 848*o + 24. What is q(4)?
-8
Let g(s) = -25*s - 528. Determine g(-21).
-3
Let b(t) = t**3 - 58*t**2 + 109*t + 176. Calculate b(56).
8
Let k(d) = -d**2 + 80*d - 752. Determine k(11).
7
Let p(v) = 4*v**2 + 18*v + 9. What is p(-8)?
121
Let x(t) = -3*t**2 - 105*t + 331. Calculate x(3).
-11
Let c(k) = 72*k**2 + 435*k + 50. Determine c(-6).
32
Let q(u) = 621*u + 649. What is q(-1)?
28
Let s(k) = -k**2 - 121*k - 3486. Calculate s(-70).
84
Let p(b) = -6*b**3 - 32*b**2 + 21*b + 108. What is p(-5)?
-47
Let h(y) = 2*y**2 + y - 17. What is h(-4)?
11
Let w(k) = 525*k + 18403. Determine w(-35).
28
Let m(z) = -29*z + 180. What is m(7)?
-23
Let g(m) = -4*m**2 + 24*m + 77. What is g(9)?
-31
Let d(p) = 3*p**2 - 70*p - 137. Give d(-2).
15
Let o(v) = 170*v + 9700. What is o(-57)?
10
Let u(v) = v**2 - 17*v - 57. Calculate u(-3).
3
Let x(k) = 44*k - 32. Calculate x(2).
56
Let t(f) = 2*f**2 + 71*f - 1136. Give t(13).
125
Let r(t) = 24*t + 1349. Give r(-61).
-115
Let b(r) = -95*r - 1701. Calculate b(-18).
9
Let v(w) = 28*w - 184. Give v(7).
12
Let m(h) = 46*h + 453. What is m(-10)?
-7
Let a(j) = -j**3 + 8*j**2 + 18*j - 21. What is a(10)?
-41
Let g(m) = 29*m + 826. Determine g(-28).
14
Let u(y) = 5*y**3 + 3*y**2 + y + 4. Calculate u(0).
4
Let p(h) = h**2 + 230*h + 697. Determine p(-3).
16
Let s(r) = -2553*r - 81682. Calculate s(-32).
14
Let g(w) = -w**2 + 78021*w + 468156. Calculate g(-6).
-6
Let p(c) = -c**3 + 33*c**2 - 180*c - 57. Give p(26).
-5
Let q(n) = -7*n**2 + 160*n + 229. What is q(25)?
-146
Let f(z) = z**3 - 11*z**2 - 58*z + 532. Give f(13).
116
Let m(c) = c**3 + 20*c**2 + 6*c + 116. Give m(-20).
-4
Let r(t) = -t**2 - 75*t + 3044. Give r(29).
28
Let v(d) = d**3 - 19*d**2 + 16*d - 35. Give v(18).
-71
Let z(w) = 6*w**3 + 2*w**2 + 2*w - 2. Give z(-2).
-46
Let f(c) = 91*c + 1739. Give f(-19).
10
Let q(v) = -2*v**2 - 2*v + 41. Give q(-7).
-43
Let v(m) = -7*m + 198. Give v(14).
100
Let d(w) = 5*w**2 + 136*w - 114. What is d(-28)?
-2
Let p(u) = 2*u**2 - 25*u - 46. Calculate p(-3).
47
Let o(t) = 16*t**2 - 87*t - 65. Determine o(6).
-11
Let n(i) = -96*i + 1250. Determine n(11).
194
Let h(x) = -3*x**2 + 65*x + 18. Give h(23).
-74
Let b(o) = -o**3 - 18*o**2 - 71*o + 15. Determine b(-12).
3
Let v(j) = j**2 + 56*j - 325. What is v(5)?
-20
Let v(a) = a**2 - 88*a + 684. What is v(10)?
-96
Let h(j) = 7*j**3 + 68*j**2 + 55*j + 86. Determine h(-9).
-4
Let r(n) = -2*n**3 - 150*n**2 - 290*n + 121. Determine r(-73).
-25
Let b(p) = 11*p**2 - 171*p + 82. Calculate b(15).
-8
Let h(x) = 2*x**3 - 126*x**2 + 121*x + 196. Calculate h(62).
10
Let f(t) = t**3 - 32*t**2 + 194*t + 14. Calculate f(24).
62
Let y(u) = -u**3 - 16*u**2 + 38*u + 87. What is y(-18)?
51
Let c(p) = 1022*p - 4078. What is c(4)?
10
Let m(f) = -f**3 + 3*f**2 + 101*f + 131. Calculate m(12).
47
Let w(r) = 5*r + 154. Calculate w(15).
229
Let n(v) = 25*v + 1206. Determine n(-48).
6
Let m(y) = y**3 + 28*y**2 + 94*y - 71. What is m(-24)?
-23
Let l(h) = -273*h - 1961. Determine l(-7).
-50
Let d(x) = 11*x**3 - 6*x**2 + 8*x - 7. Give d(3).
260
Let c(u) = -u**2 + 33*u + 44. What is c(35)?
-26
Let x(q) = -q**2 - 16*q - 65. Give x(-4).
-17
Let o(w) = -410*w - 1602. Give o(-4).
38
Let r(z) = 3*z**3 + 19*z**2 - 2*z + 11. Give r(-7).
-73
Let t(q) = -9*q**2 + 71*q + 11. What is t(7)?
67
Let w(v) = -3*v**3 - 30*v**2 - 7*v - 63. Determine w(-10).
7
Let n(x) = -x**3 + 12*x**2 + x - 197. Calculate n(0).
-197
Let h(y) = 28*y + 1068. Calculate h(-61).
-640
Let x(u) = 383*u + 6091. Determine x(-16).
-37
Let v(b) = -9*b - 152. What is v(-16)?
-8
Let l(n) = -5*n**3 + 65*n**2 + 2*n - 32. Calculate l(13).
-6
Let w(x) = 412*x - 21029. Give w(51).
-17
Let g(s) = -s**2 + 25*s + 42. What is g(27)?
-12
Let h(m) = -257*m + 7428. Determine h(29).
-25
Let x(h) = -3*h**2 + 96*h - 295. Determine x(29).
-34
Let x(k) = 5*k**3 + 17*k**2 + 18*k + 80. Give x(-4).
-40
Let q(s) = s**3 + 9*s**2 + 36*s + 248. Give q(-7).
94
Let o(d) = -453*d - 30828. What is o(-68)?
-24
Let q